{"id":32,"date":"2025-05-18T16:39:38","date_gmt":"2025-05-18T14:39:38","guid":{"rendered":"https:\/\/opms.ovh\/?page_id=32"},"modified":"2025-10-30T14:28:24","modified_gmt":"2025-10-30T13:28:24","slug":"maintenance-industrielle","status":"publish","type":"page","link":"https:\/\/opms.ovh\/index.php\/maintenance-industrielle\/","title":{"rendered":"Maintenance industrielle"},"content":{"rendered":"\t\t<div data-elementor-type=\"wp-page\" data-elementor-id=\"32\" class=\"elementor elementor-32\" data-elementor-settings=\"{&quot;ha_cmc_init_switcher&quot;:&quot;no&quot;}\">\n\t\t\t\t\t\t<section class=\"elementor-section elementor-top-section elementor-element elementor-element-16c56c49 elementor-section-boxed elementor-section-height-default elementor-section-height-default\" data-id=\"16c56c49\" data-element_type=\"section\" data-e-type=\"section\" id=\"html, body {     overflow-x: hidden;\" data-settings=\"{&quot;background_background&quot;:&quot;classic&quot;,&quot;_ha_eqh_enable&quot;:false}\">\n\t\t\t\t\t\t<div class=\"elementor-container elementor-column-gap-default\">\n\t\t\t\t\t<div class=\"elementor-column elementor-col-100 elementor-top-column elementor-element elementor-element-35d092b9\" data-id=\"35d092b9\" data-element_type=\"column\" data-e-type=\"column\">\n\t\t\t<div class=\"elementor-widget-wrap elementor-element-populated\">\n\t\t\t\t\t\t<div class=\"elementor-element elementor-element-46e01ad elementor-widget elementor-widget-heading\" data-id=\"46e01ad\" data-element_type=\"widget\" data-e-type=\"widget\" data-widget_type=\"heading.default\">\n\t\t\t\t<div class=\"elementor-widget-container\">\n\t\t\t\t\t<h1 class=\"elementor-heading-title elementor-size-default\">OPMS vous accompagne dans vos projets de maintenance industrielle<\/h1>\t\t\t\t<\/div>\n\t\t\t\t<\/div>\n\t\t\t\t\t<\/div>\n\t\t<\/div>\n\t\t\t\t\t<\/div>\n\t\t<\/section>\n\t\t\t\t<section class=\"elementor-section elementor-top-section elementor-element elementor-element-6b871093 elementor-section-boxed elementor-section-height-default elementor-section-height-default\" data-id=\"6b871093\" data-element_type=\"section\" data-e-type=\"section\" data-settings=\"{&quot;background_background&quot;:&quot;classic&quot;,&quot;shape_divider_bottom&quot;:&quot;tilt&quot;,&quot;_ha_eqh_enable&quot;:false}\">\n\t\t\t\t\t<div class=\"elementor-shape elementor-shape-bottom\" aria-hidden=\"true\" data-negative=\"false\">\n\t\t\t<svg xmlns=\"http:\/\/www.w3.org\/2000\/svg\" viewBox=\"0 0 1000 100\" preserveAspectRatio=\"none\">\n\t<path class=\"elementor-shape-fill\" d=\"M0,6V0h1000v100L0,6z\"\/>\n<\/svg>\t\t<\/div>\n\t\t\t\t\t<div class=\"elementor-container elementor-column-gap-default\">\n\t\t\t\t\t<div class=\"elementor-column elementor-col-100 elementor-top-column elementor-element elementor-element-3d983269\" data-id=\"3d983269\" data-element_type=\"column\" data-e-type=\"column\">\n\t\t\t<div class=\"elementor-widget-wrap elementor-element-populated\">\n\t\t\t\t\t\t<section class=\"elementor-section elementor-inner-section elementor-element elementor-element-4c87d11d elementor-section-boxed elementor-section-height-default elementor-section-height-default\" data-id=\"4c87d11d\" data-element_type=\"section\" data-e-type=\"section\" id=\"html, body {     overflow-x: hidden;\" data-settings=\"{&quot;_ha_eqh_enable&quot;:false}\">\n\t\t\t\t\t\t<div class=\"elementor-container elementor-column-gap-default\">\n\t\t\t\t\t<div class=\"elementor-column elementor-col-50 elementor-inner-column elementor-element elementor-element-10c6f11a\" data-id=\"10c6f11a\" data-element_type=\"column\" data-e-type=\"column\" data-settings=\"{&quot;background_background&quot;:&quot;classic&quot;}\">\n\t\t\t<div class=\"elementor-widget-wrap elementor-element-populated\">\n\t\t\t\t\t\t<div class=\"elementor-element elementor-element-6bc7c077 ha-css-transform-yes ha-infobox-media-dir-top ha-has-bg-overlay elementor-widget elementor-widget-ha-infobox happy-addon ha-infobox\" data-id=\"6bc7c077\" data-element_type=\"widget\" data-e-type=\"widget\" data-widget_type=\"ha-infobox.default\">\n\t\t\t\t<div class=\"elementor-widget-container\">\n\t\t\t\t\t\n\t\t\t\t\t<figure class=\"ha-infobox-figure ha-infobox-figure--icon\">\n\t\t\t\t<i class=\"hm hm-cog\"><\/i>\t\t\t<\/figure>\n\t\t\n\t\t<div class=\"ha-infobox-body\">\n\t\t\t<h2 class=\"ha-infobox-title\">Maintenance pr\u00e9ventive<\/h2>\n\t\t\t\t\t\t\t<div class=\"ha-infobox-text\">\n\t\t\t\t\t<p>Consiste \u00e0 anticiper les pannes avant qu\u2019elles ne surviennent. Elle s\u2019appuie sur un suivi r\u00e9gulier des \u00e9quipements, des contr\u00f4les planifi\u00e9s et le remplacement des pi\u00e8ces d\u2019usure. Son objectif est de garantir la disponibilit\u00e9 des machines, de prolonger leur dur\u00e9e de vie et de r\u00e9duire les arr\u00eats impr\u00e9vus. Cette approche permet d\u2019optimiser la production tout en s\u00e9curisant les installations.<\/p>\n\t\t\t\t<\/div>\n\t\t\t\n\t\t\t\t\t<\/div>\n\t\t\t\t\t\t<\/div>\n\t\t\t\t<\/div>\n\t\t\t\t\t<\/div>\n\t\t<\/div>\n\t\t\t\t<div class=\"elementor-column elementor-col-50 elementor-inner-column elementor-element elementor-element-d0fbfd8\" data-id=\"d0fbfd8\" data-element_type=\"column\" data-e-type=\"column\" data-settings=\"{&quot;background_background&quot;:&quot;classic&quot;}\">\n\t\t\t<div class=\"elementor-widget-wrap elementor-element-populated\">\n\t\t\t\t\t\t<div class=\"elementor-element elementor-element-38596e77 ha-css-transform-yes ha-infobox-media-dir-top ha-has-bg-overlay elementor-widget elementor-widget-ha-infobox happy-addon ha-infobox\" data-id=\"38596e77\" data-element_type=\"widget\" data-e-type=\"widget\" data-widget_type=\"ha-infobox.default\">\n\t\t\t\t<div class=\"elementor-widget-container\">\n\t\t\t\t\t\n\t\t\t\t\t<figure class=\"ha-infobox-figure ha-infobox-figure--icon\">\n\t\t\t\t<i class=\"hm hm-tools\"><\/i>\t\t\t<\/figure>\n\t\t\n\t\t<div class=\"ha-infobox-body\">\n\t\t\t<h2 class=\"ha-infobox-title\">Maintenance curative<\/h2>\n\t\t\t\t\t\t\t<div class=\"ha-infobox-text\">\n\t\t\t\t\t<p>Intervient apr\u00e8s l\u2019apparition d\u2019une panne ou d\u2019un dysfonctionnement. Elle a pour mission de remettre rapidement les machines en \u00e9tat de fonctionnement afin de limiter les pertes de production. R\u00e9active et cibl\u00e9e, cette intervention est indispensable pour corriger les anomalies et assurer la continuit\u00e9 de l\u2019activit\u00e9 industrielle.<br>\n<\/p>\n\t\t\t\t<\/div>\n\t\t\t\n\t\t\t\t\t<\/div>\n\t\t\t\t\t\t<\/div>\n\t\t\t\t<\/div>\n\t\t\t\t\t<\/div>\n\t\t<\/div>\n\t\t\t\t\t<\/div>\n\t\t<\/section>\n\t\t\t\t<div class=\"elementor-element elementor-element-29e1f60e ha-card--left ha-card--tablet-left ha-card--mobile-top ha-has-bg-overlay elementor-widget elementor-widget-ha-card happy-addon ha-card\" data-id=\"29e1f60e\" data-element_type=\"widget\" data-e-type=\"widget\" data-widget_type=\"ha-card.default\">\n\t\t\t\t<div class=\"elementor-widget-container\">\n\t\t\t\t\t\n\t\t\t\t\t<figure class=\"ha-card-figure\">\n\t\t\t\t<img fetchpriority=\"high\" decoding=\"async\" width=\"1024\" height=\"768\" src=\"https:\/\/opms.ovh\/wp-content\/uploads\/2025\/08\/IMG_3532-1024x768.jpg\" class=\"attachment-large size-large wp-image-483\" alt=\"Image Chantier OPMS\" srcset=\"https:\/\/opms.ovh\/wp-content\/uploads\/2025\/08\/IMG_3532-1024x768.jpg 1024w, https:\/\/opms.ovh\/wp-content\/uploads\/2025\/08\/IMG_3532-300x225.jpg 300w, https:\/\/opms.ovh\/wp-content\/uploads\/2025\/08\/IMG_3532-768x576.jpg 768w, https:\/\/opms.ovh\/wp-content\/uploads\/2025\/08\/IMG_3532-1536x1152.jpg 1536w, https:\/\/opms.ovh\/wp-content\/uploads\/2025\/08\/IMG_3532-2048x1536.jpg 2048w\" sizes=\"(max-width: 1024px) 100vw, 1024px\" \/>\t\t\t\t\t\t\t<\/figure>\n\t\t\n\t\t<div class=\"ha-card-body\">\n\n\t\t\t<h2 class=\"ha-card-title\">La maintenance pr\u00e9ventive<\/h2>\n\t\t\t\t\t\t\t<div class=\"ha-card-text\">\n\t\t\t\t\t<p>OPMS met \u00e0 disposition des contrats de maintenance pr\u00e9ventive configur\u00e9s selon vos exigences op\u00e9rationnelles : p\u00e9riodicit\u00e9 des interventions, dur\u00e9e contractuelle et p\u00e9rim\u00e8tre technique couvert.\nNos \u00e9quipes, compos\u00e9es de techniciens sp\u00e9cialis\u00e9s  interviennent directement sur site avec l\u2019ensemble des outils et \u00e9quipements n\u00e9cessaires pour assurer des prestations conformes aux standards industriels.\nCette d\u00e9marche permet de garantir la disponibilit\u00e9 et la fiabilit\u00e9 de vos installations, de ma\u00eetriser les co\u00fbts li\u00e9s \u00e0 la maintenance corrective et d\u2019optimiser la continuit\u00e9 de votre production en limitant les arr\u00eats non planifi\u00e9s.<\/p>\n\t\t\t\t<\/div>\n\t\t\t\n\t\t\t\t\t<\/div>\n\t\t\t\t\t\t<\/div>\n\t\t\t\t<\/div>\n\t\t\t\t<div class=\"elementor-element elementor-element-098a70a ha-card--left ha-card--tablet-left ha-card--mobile-top ha-has-bg-overlay elementor-widget elementor-widget-ha-card happy-addon ha-card\" data-id=\"098a70a\" data-element_type=\"widget\" data-e-type=\"widget\" data-widget_type=\"ha-card.default\">\n\t\t\t\t<div class=\"elementor-widget-container\">\n\t\t\t\t\t\n\t\t\t\t\t<figure class=\"ha-card-figure\">\n\t\t\t\t<img decoding=\"async\" width=\"768\" height=\"1024\" src=\"https:\/\/opms.ovh\/wp-content\/uploads\/2025\/06\/Engrenage-2-personnes-768x1024.jpg\" class=\"attachment-large size-large wp-image-264\" alt=\"Engrenage OPMS\" srcset=\"https:\/\/opms.ovh\/wp-content\/uploads\/2025\/06\/Engrenage-2-personnes-768x1024.jpg 768w, https:\/\/opms.ovh\/wp-content\/uploads\/2025\/06\/Engrenage-2-personnes-225x300.jpg 225w, https:\/\/opms.ovh\/wp-content\/uploads\/2025\/06\/Engrenage-2-personnes-1152x1536.jpg 1152w, https:\/\/opms.ovh\/wp-content\/uploads\/2025\/06\/Engrenage-2-personnes-1536x2048.jpg 1536w, https:\/\/opms.ovh\/wp-content\/uploads\/2025\/06\/Engrenage-2-personnes-scaled.jpg 1920w\" sizes=\"(max-width: 768px) 100vw, 768px\" \/>\t\t\t\t\t\t\t<\/figure>\n\t\t\n\t\t<div class=\"ha-card-body\">\n\n\t\t\t<h2 class=\"ha-card-title\">La maintenance curative<\/h2>\n\t\t\t\t\t\t\t<div class=\"ha-card-text\">\n\t\t\t\t\t<p>OPMS propose \u00e9galement des contrats de maintenance curative, permettant une prise en charge rapide et structur\u00e9e de vos \u00e9quipements en cas de d\u00e9faillance ou de panne.\nNos techniciens sp\u00e9cialis\u00e9s interviennent directement sur votre site avec les outils de diagnostic et le mat\u00e9riel requis pour identifier l\u2019origine du dysfonctionnement et r\u00e9tablir le fonctionnement optimal de vos installations dans les meilleurs d\u00e9lais.\nCette approche garantit une remise en service s\u00e9curis\u00e9e et conforme aux normes industrielles, tout en r\u00e9duisant les temps d\u2019arr\u00eat impr\u00e9vus et en limitant l\u2019impact sur vos capacit\u00e9s de production.<\/p>\n\t\t\t\t<\/div>\n\t\t\t\n\t\t\t\t\t<\/div>\n\t\t\t\t\t\t<\/div>\n\t\t\t\t<\/div>\n\t\t\t\t\t<\/div>\n\t\t<\/div>\n\t\t\t\t\t<\/div>\n\t\t<\/section>\n\t\t\t\t<section class=\"elementor-section elementor-top-section elementor-element elementor-element-61e0ff13 elementor-section-boxed elementor-section-height-default elementor-section-height-default\" data-id=\"61e0ff13\" data-element_type=\"section\" data-e-type=\"section\" data-settings=\"{&quot;background_background&quot;:&quot;classic&quot;,&quot;_ha_eqh_enable&quot;:false}\">\n\t\t\t\t\t\t<div class=\"elementor-container elementor-column-gap-default\">\n\t\t\t\t\t<div class=\"elementor-column elementor-col-100 elementor-top-column elementor-element elementor-element-fbb7102\" data-id=\"fbb7102\" data-element_type=\"column\" data-e-type=\"column\" data-settings=\"{&quot;background_background&quot;:&quot;classic&quot;}\">\n\t\t\t<div class=\"elementor-widget-wrap elementor-element-populated\">\n\t\t\t\t\t\t<section class=\"elementor-section elementor-top-section elementor-element elementor-element-5f9aabc9 elementor-section-content-middle elementor-section-boxed elementor-section-height-default elementor-section-height-default\" data-id=\"5f9aabc9\" data-element_type=\"section\" data-e-type=\"section\" data-settings=\"{&quot;_ha_eqh_enable&quot;:false}\">\n\t\t\t\t\t\t<div class=\"elementor-container elementor-column-gap-default\">\n\t\t\t\t\t<div class=\"elementor-column elementor-col-50 elementor-top-column elementor-element elementor-element-2d9924bc\" data-id=\"2d9924bc\" data-element_type=\"column\" data-e-type=\"column\">\n\t\t\t<div class=\"elementor-widget-wrap elementor-element-populated\">\n\t\t\t\t\t\t<div class=\"elementor-element elementor-element-60d6d790 elementor-widget elementor-widget-heading\" data-id=\"60d6d790\" data-element_type=\"widget\" data-e-type=\"widget\" data-widget_type=\"heading.default\">\n\t\t\t\t<div class=\"elementor-widget-container\">\n\t\t\t\t\t<h4 class=\"elementor-heading-title elementor-size-default\">Besoin d'un coup de cl\u00e9 pour vos installations ? <\/h4>\t\t\t\t<\/div>\n\t\t\t\t<\/div>\n\t\t\t\t<div class=\"elementor-element elementor-element-7450940c elementor-widget elementor-widget-text-editor\" data-id=\"7450940c\" data-element_type=\"widget\" data-e-type=\"widget\" data-widget_type=\"text-editor.default\">\n\t\t\t\t<div class=\"elementor-widget-container\">\n\t\t\t\t\t\t\t\t\t<p>Optimisez la performance et la fiabilit\u00e9 de vos \u00e9quipements gr\u00e2ce \u00e0 nos services de maintenance industrielle sur mesure.<br data-start=\"393\" data-end=\"396\" \/><br \/><\/p>\t\t\t\t\t\t\t\t<\/div>\n\t\t\t\t<\/div>\n\t\t\t\t\t<\/div>\n\t\t<\/div>\n\t\t\t\t<div class=\"elementor-column elementor-col-50 elementor-top-column elementor-element elementor-element-71e1455e\" data-id=\"71e1455e\" data-element_type=\"column\" data-e-type=\"column\">\n\t\t\t<div class=\"elementor-widget-wrap elementor-element-populated\">\n\t\t\t\t\t\t<div class=\"elementor-element elementor-element-4dcb4fd6 elementor-align-right elementor-mobile-align-left elementor-widget elementor-widget-button\" data-id=\"4dcb4fd6\" data-element_type=\"widget\" data-e-type=\"widget\" data-widget_type=\"button.default\">\n\t\t\t\t<div class=\"elementor-widget-container\">\n\t\t\t\t\t\t\t\t\t<div class=\"elementor-button-wrapper\">\n\t\t\t\t\t<a class=\"elementor-button elementor-button-link elementor-size-sm\" href=\"\">\n\t\t\t\t\t\t<span class=\"elementor-button-content-wrapper\">\n\t\t\t\t\t\t<span class=\"elementor-button-icon\">\n\t\t\t\t<svg aria-hidden=\"true\" class=\"e-font-icon-svg e-far-edit\" viewBox=\"0 0 576 512\" xmlns=\"http:\/\/www.w3.org\/2000\/svg\"><path d=\"M402.3 344.9l32-32c5-5 13.7-1.5 13.7 5.7V464c0 26.5-21.5 48-48 48H48c-26.5 0-48-21.5-48-48V112c0-26.5 21.5-48 48-48h273.5c7.1 0 10.7 8.6 5.7 13.7l-32 32c-1.5 1.5-3.5 2.3-5.7 2.3H48v352h352V350.5c0-2.1.8-4.1 2.3-5.6zm156.6-201.8L296.3 405.7l-90.4 10c-26.2 2.9-48.5-19.2-45.6-45.6l10-90.4L432.9 17.1c22.9-22.9 59.9-22.9 82.7 0l43.2 43.2c22.9 22.9 22.9 60 .1 82.8zM460.1 174L402 115.9 216.2 301.8l-7.3 65.3 65.3-7.3L460.1 174zm64.8-79.7l-43.2-43.2c-4.1-4.1-10.8-4.1-14.8 0L436 82l58.1 58.1 30.9-30.9c4-4.2 4-10.8-.1-14.9z\"><\/path><\/svg>\t\t\t<\/span>\n\t\t\t\t\t\t\t\t\t<span class=\"elementor-button-text\">Obtenez votre devis<\/span>\n\t\t\t\t\t<\/span>\n\t\t\t\t\t<\/a>\n\t\t\t\t<\/div>\n\t\t\t\t\t\t\t\t<\/div>\n\t\t\t\t<\/div>\n\t\t\t\t\t<\/div>\n\t\t<\/div>\n\t\t\t\t\t<\/div>\n\t\t<\/section>\n\t\t\t\t\t<\/div>\n\t\t<\/div>\n\t\t\t\t\t<\/div>\n\t\t<\/section>\n\t\t\t\t<\/div>\n\t\t","protected":false},"excerpt":{"rendered":"<p>OPMS vous accompagne dans vos projets de maintenance industrielle Maintenance pr\u00e9ventive Consiste \u00e0 anticiper les pannes avant qu\u2019elles ne surviennent. [&hellip;]<\/p>\n","protected":false},"author":1,"featured_media":0,"parent":0,"menu_order":0,"comment_status":"closed","ping_status":"closed","template":"elementor_header_footer","meta":{"site-sidebar-layout":"no-sidebar","site-content-layout":"","ast-site-content-layout":"full-width-container","site-content-style":"default","site-sidebar-style":"default","ast-global-header-display":"","ast-banner-title-visibility":"","ast-main-header-display":"","ast-hfb-above-header-display":"","ast-hfb-below-header-display":"","ast-hfb-mobile-header-display":"","site-post-title":"disabled","ast-breadcrumbs-content":"","ast-featured-img":"disabled","footer-sml-layout":"","theme-transparent-header-meta":"","adv-header-id-meta":"","stick-header-meta":"","header-above-stick-meta":"","header-main-stick-meta":"","header-below-stick-meta":"","astra-migrate-meta-layouts":"default","ast-page-background-enabled":"default","ast-page-background-meta":{"desktop":{"background-color":"var(--ast-global-color-5)","background-image":"","background-repeat":"repeat","background-position":"center center","background-size":"auto","background-attachment":"scroll","background-type":"","background-media":"","overlay-type":"","overlay-color":"","overlay-opacity":"","overlay-gradient":""},"tablet":{"background-color":"","background-image":"","background-repeat":"repeat","background-position":"center center","background-size":"auto","background-attachment":"scroll","background-type":"","background-media":"","overlay-type":"","overlay-color":"","overlay-opacity":"","overlay-gradient":""},"mobile":{"background-color":"","background-image":"","background-repeat":"repeat","background-position":"center center","background-size":"auto","background-attachment":"scroll","background-type":"","background-media":"","overlay-type":"","overlay-color":"","overlay-opacity":"","overlay-gradient":""}},"ast-content-background-meta":{"desktop":{"background-color":"var(--ast-global-color-4)","background-image":"","background-repeat":"repeat","background-position":"center center","background-size":"auto","background-attachment":"scroll","background-type":"","background-media":"","overlay-type":"","overlay-color":"","overlay-opacity":"","overlay-gradient":""},"tablet":{"background-color":"var(--ast-global-color-4)","background-image":"","background-repeat":"repeat","background-position":"center center","background-size":"auto","background-attachment":"scroll","background-type":"","background-media":"","overlay-type":"","overlay-color":"","overlay-opacity":"","overlay-gradient":""},"mobile":{"background-color":"var(--ast-global-color-4)","background-image":"","background-repeat":"repeat","background-position":"center center","background-size":"auto","background-attachment":"scroll","background-type":"","background-media":"","overlay-type":"","overlay-color":"","overlay-opacity":"","overlay-gradient":""}},"footnotes":""},"class_list":["post-32","page","type-page","status-publish","hentry"],"yoast_head":"<!-- This site is optimized with the Yoast SEO plugin v27.4 - https:\/\/yoast.com\/product\/yoast-seo-wordpress\/ -->\n<title>Maintenance industrielle - OPMS<\/title>\n<meta name=\"robots\" content=\"index, follow, max-snippet:-1, max-image-preview:large, max-video-preview:-1\" \/>\n<link rel=\"canonical\" href=\"https:\/\/opms.ovh\/index.php\/maintenance-industrielle\/\" \/>\n<meta property=\"og:locale\" content=\"en_US\" \/>\n<meta property=\"og:type\" content=\"article\" \/>\n<meta property=\"og:title\" content=\"Maintenance industrielle - OPMS\" \/>\n<meta property=\"og:description\" content=\"OPMS vous accompagne dans vos projets de maintenance industrielle Maintenance pr\u00e9ventive Consiste \u00e0 anticiper les pannes avant qu\u2019elles ne surviennent. [&hellip;]\" \/>\n<meta property=\"og:url\" content=\"https:\/\/opms.ovh\/index.php\/maintenance-industrielle\/\" \/>\n<meta property=\"og:site_name\" content=\"OPMS\" \/>\n<meta property=\"article:modified_time\" content=\"2025-10-30T13:28:24+00:00\" \/>\n<meta property=\"og:image\" content=\"http:\/\/opms.ovh\/wp-content\/uploads\/2025\/08\/IMG_3532-1024x768.jpg\" \/>\n<meta name=\"twitter:card\" content=\"summary_large_image\" \/>\n<meta name=\"twitter:label1\" content=\"Est. reading time\" \/>\n\t<meta name=\"twitter:data1\" content=\"3 minutes\" \/>\n<script type=\"application\/ld+json\" class=\"yoast-schema-graph\">{\"@context\":\"https:\\\/\\\/schema.org\",\"@graph\":[{\"@type\":\"WebPage\",\"@id\":\"https:\\\/\\\/opms.ovh\\\/index.php\\\/maintenance-industrielle\\\/\",\"url\":\"https:\\\/\\\/opms.ovh\\\/index.php\\\/maintenance-industrielle\\\/\",\"name\":\"Maintenance industrielle - OPMS\",\"isPartOf\":{\"@id\":\"https:\\\/\\\/opms.ovh\\\/#website\"},\"primaryImageOfPage\":{\"@id\":\"https:\\\/\\\/opms.ovh\\\/index.php\\\/maintenance-industrielle\\\/#primaryimage\"},\"image\":{\"@id\":\"https:\\\/\\\/opms.ovh\\\/index.php\\\/maintenance-industrielle\\\/#primaryimage\"},\"thumbnailUrl\":\"http:\\\/\\\/opms.ovh\\\/wp-content\\\/uploads\\\/2025\\\/08\\\/IMG_3532-1024x768.jpg\",\"datePublished\":\"2025-05-18T14:39:38+00:00\",\"dateModified\":\"2025-10-30T13:28:24+00:00\",\"breadcrumb\":{\"@id\":\"https:\\\/\\\/opms.ovh\\\/index.php\\\/maintenance-industrielle\\\/#breadcrumb\"},\"inLanguage\":\"en-US\",\"potentialAction\":[{\"@type\":\"ReadAction\",\"target\":[\"https:\\\/\\\/opms.ovh\\\/index.php\\\/maintenance-industrielle\\\/\"]}]},{\"@type\":\"ImageObject\",\"inLanguage\":\"en-US\",\"@id\":\"https:\\\/\\\/opms.ovh\\\/index.php\\\/maintenance-industrielle\\\/#primaryimage\",\"url\":\"https:\\\/\\\/opms.ovh\\\/wp-content\\\/uploads\\\/2025\\\/08\\\/IMG_3532-scaled.jpg\",\"contentUrl\":\"https:\\\/\\\/opms.ovh\\\/wp-content\\\/uploads\\\/2025\\\/08\\\/IMG_3532-scaled.jpg\",\"width\":2560,\"height\":1920,\"caption\":\"Image Chantier OPMS\"},{\"@type\":\"BreadcrumbList\",\"@id\":\"https:\\\/\\\/opms.ovh\\\/index.php\\\/maintenance-industrielle\\\/#breadcrumb\",\"itemListElement\":[{\"@type\":\"ListItem\",\"position\":1,\"name\":\"Accueil\",\"item\":\"https:\\\/\\\/opms.ovh\\\/\"},{\"@type\":\"ListItem\",\"position\":2,\"name\":\"Maintenance industrielle\"}]},{\"@type\":\"WebSite\",\"@id\":\"https:\\\/\\\/opms.ovh\\\/#website\",\"url\":\"https:\\\/\\\/opms.ovh\\\/\",\"name\":\"OPMS\",\"description\":\"Vos prestations en un clic\",\"publisher\":{\"@id\":\"https:\\\/\\\/opms.ovh\\\/#organization\"},\"potentialAction\":[{\"@type\":\"SearchAction\",\"target\":{\"@type\":\"EntryPoint\",\"urlTemplate\":\"https:\\\/\\\/opms.ovh\\\/?s={search_term_string}\"},\"query-input\":{\"@type\":\"PropertyValueSpecification\",\"valueRequired\":true,\"valueName\":\"search_term_string\"}}],\"inLanguage\":\"en-US\"},{\"@type\":\"Organization\",\"@id\":\"https:\\\/\\\/opms.ovh\\\/#organization\",\"name\":\"OPMS\",\"url\":\"https:\\\/\\\/opms.ovh\\\/\",\"logo\":{\"@type\":\"ImageObject\",\"inLanguage\":\"en-US\",\"@id\":\"https:\\\/\\\/opms.ovh\\\/#\\\/schema\\\/logo\\\/image\\\/\",\"url\":\"https:\\\/\\\/opms.ovh\\\/wp-content\\\/uploads\\\/2025\\\/05\\\/logo-pour-accueil-site-OPMS.webp\",\"contentUrl\":\"https:\\\/\\\/opms.ovh\\\/wp-content\\\/uploads\\\/2025\\\/05\\\/logo-pour-accueil-site-OPMS.webp\",\"width\":200,\"height\":100,\"caption\":\"OPMS\"},\"image\":{\"@id\":\"https:\\\/\\\/opms.ovh\\\/#\\\/schema\\\/logo\\\/image\\\/\"}}]}<\/script>\n<!-- \/ Yoast SEO plugin. -->","yoast_head_json":{"title":"Maintenance industrielle - OPMS","robots":{"index":"index","follow":"follow","max-snippet":"max-snippet:-1","max-image-preview":"max-image-preview:large","max-video-preview":"max-video-preview:-1"},"canonical":"https:\/\/opms.ovh\/index.php\/maintenance-industrielle\/","og_locale":"en_US","og_type":"article","og_title":"Maintenance industrielle - OPMS","og_description":"OPMS vous accompagne dans vos projets de maintenance industrielle Maintenance pr\u00e9ventive Consiste \u00e0 anticiper les pannes avant qu\u2019elles ne surviennent. [&hellip;]","og_url":"https:\/\/opms.ovh\/index.php\/maintenance-industrielle\/","og_site_name":"OPMS","article_modified_time":"2025-10-30T13:28:24+00:00","og_image":[{"url":"http:\/\/opms.ovh\/wp-content\/uploads\/2025\/08\/IMG_3532-1024x768.jpg","type":"","width":"","height":""}],"twitter_card":"summary_large_image","twitter_misc":{"Est. reading time":"3 minutes"},"schema":{"@context":"https:\/\/schema.org","@graph":[{"@type":"WebPage","@id":"https:\/\/opms.ovh\/index.php\/maintenance-industrielle\/","url":"https:\/\/opms.ovh\/index.php\/maintenance-industrielle\/","name":"Maintenance industrielle - OPMS","isPartOf":{"@id":"https:\/\/opms.ovh\/#website"},"primaryImageOfPage":{"@id":"https:\/\/opms.ovh\/index.php\/maintenance-industrielle\/#primaryimage"},"image":{"@id":"https:\/\/opms.ovh\/index.php\/maintenance-industrielle\/#primaryimage"},"thumbnailUrl":"http:\/\/opms.ovh\/wp-content\/uploads\/2025\/08\/IMG_3532-1024x768.jpg","datePublished":"2025-05-18T14:39:38+00:00","dateModified":"2025-10-30T13:28:24+00:00","breadcrumb":{"@id":"https:\/\/opms.ovh\/index.php\/maintenance-industrielle\/#breadcrumb"},"inLanguage":"en-US","potentialAction":[{"@type":"ReadAction","target":["https:\/\/opms.ovh\/index.php\/maintenance-industrielle\/"]}]},{"@type":"ImageObject","inLanguage":"en-US","@id":"https:\/\/opms.ovh\/index.php\/maintenance-industrielle\/#primaryimage","url":"https:\/\/opms.ovh\/wp-content\/uploads\/2025\/08\/IMG_3532-scaled.jpg","contentUrl":"https:\/\/opms.ovh\/wp-content\/uploads\/2025\/08\/IMG_3532-scaled.jpg","width":2560,"height":1920,"caption":"Image Chantier OPMS"},{"@type":"BreadcrumbList","@id":"https:\/\/opms.ovh\/index.php\/maintenance-industrielle\/#breadcrumb","itemListElement":[{"@type":"ListItem","position":1,"name":"Accueil","item":"https:\/\/opms.ovh\/"},{"@type":"ListItem","position":2,"name":"Maintenance industrielle"}]},{"@type":"WebSite","@id":"https:\/\/opms.ovh\/#website","url":"https:\/\/opms.ovh\/","name":"OPMS","description":"Vos prestations en un clic","publisher":{"@id":"https:\/\/opms.ovh\/#organization"},"potentialAction":[{"@type":"SearchAction","target":{"@type":"EntryPoint","urlTemplate":"https:\/\/opms.ovh\/?s={search_term_string}"},"query-input":{"@type":"PropertyValueSpecification","valueRequired":true,"valueName":"search_term_string"}}],"inLanguage":"en-US"},{"@type":"Organization","@id":"https:\/\/opms.ovh\/#organization","name":"OPMS","url":"https:\/\/opms.ovh\/","logo":{"@type":"ImageObject","inLanguage":"en-US","@id":"https:\/\/opms.ovh\/#\/schema\/logo\/image\/","url":"https:\/\/opms.ovh\/wp-content\/uploads\/2025\/05\/logo-pour-accueil-site-OPMS.webp","contentUrl":"https:\/\/opms.ovh\/wp-content\/uploads\/2025\/05\/logo-pour-accueil-site-OPMS.webp","width":200,"height":100,"caption":"OPMS"},"image":{"@id":"https:\/\/opms.ovh\/#\/schema\/logo\/image\/"}}]}},"_links":{"self":[{"href":"https:\/\/opms.ovh\/index.php\/wp-json\/wp\/v2\/pages\/32","targetHints":{"allow":["GET"]}}],"collection":[{"href":"https:\/\/opms.ovh\/index.php\/wp-json\/wp\/v2\/pages"}],"about":[{"href":"https:\/\/opms.ovh\/index.php\/wp-json\/wp\/v2\/types\/page"}],"author":[{"embeddable":true,"href":"https:\/\/opms.ovh\/index.php\/wp-json\/wp\/v2\/users\/1"}],"replies":[{"embeddable":true,"href":"https:\/\/opms.ovh\/index.php\/wp-json\/wp\/v2\/comments?post=32"}],"version-history":[{"count":26,"href":"https:\/\/opms.ovh\/index.php\/wp-json\/wp\/v2\/pages\/32\/revisions"}],"predecessor-version":[{"id":1005,"href":"https:\/\/opms.ovh\/index.php\/wp-json\/wp\/v2\/pages\/32\/revisions\/1005"}],"wp:attachment":[{"href":"https:\/\/opms.ovh\/index.php\/wp-json\/wp\/v2\/media?parent=32"}],"curies":[{"name":"wp","href":"https:\/\/api.w.org\/{rel}","templated":true}]}}